
What is the greatest common divisor of 58190 and 18745?
115
Calculate the highest common divisor of 365746215 and 45.
15
Calculate the greatest common factor of 9 and 1191153.
3
What is the greatest common factor of 985276992 and 224?
224
Calculate the greatest common divisor of 108 and 93033.
9
Calculate the greatest common factor of 527 and 574957.
527
What is the highest common factor of 180609 and 238834563?
13893
Calculate the highest common divisor of 165 and 49562337.
33
Calculate the greatest common divisor of 2279368856 and 97.
97
What is the greatest common divisor of 20173 and 91?
1
Calculate the highest common divisor of 36089370 and 1165.
1165
What is the highest common divisor of 26214156 and 15228?
1692
What is the highest common divisor of 11726759 and 781?
11
Calculate the highest common factor of 416 and 2449168.
16
What is the highest common factor of 96646858 and 28?
14
What is the greatest common divisor of 9 and 26159706?
9
Calculate the greatest common divisor of 12654 and 107103.
57
What is the greatest common factor of 4201859 and 239?
239
What is the greatest common factor of 11553578 and 161626?
766
Calculate the greatest common factor of 298990 and 3340.
10
Calculate the greatest common divisor of 671 and 1601311.
61
Calculate the greatest common divisor of 31637394 and 1026.
342
What is the greatest common divisor of 1224 and 14056668?
36
What is the greatest common divisor of 33648 and 155765004?
8412
What is the greatest common divisor of 12 and 160983084?
12
Calculate the highest common factor of 188604 and 1772082.
234
Calculate the highest common factor of 23095 and 947174.
31
Calculate the highest common divisor of 300 and 72585.
15
Calculate the greatest common factor of 267 and 2881019.
89
Calculate the highest common factor of 7997 and 5121715.
727
Calculate the greatest common divisor of 2352 and 179274144.
2352
What is the highest common divisor of 74978203 and 177?
59
What is the highest common factor of 6835205 and 2535?
845
What is the highest common divisor of 238 and 195715492?
238
Calculate the highest common divisor of 30080 and 528280.
1880
What is the highest common divisor of 28490 and 682220?
770
What is the greatest common divisor of 3434 and 765146710?
3434
What is the highest common factor of 48759761 and 83?
83
Calculate the highest common factor of 8510 and 40962034.
1702
Calculate the greatest common divisor of 3794 and 1316711494.
3794
Calculate the highest common factor of 81939 and 53625.
429
Calculate the greatest common factor of 78 and 563826.
6
What is the highest common factor of 11803209 and 5313?
759
What is the highest common divisor of 4736 and 18608928?
1184
Calculate the greatest common divisor of 313405886 and 738.
82
What is the highest common divisor of 16005336 and 48?
24
Calculate the greatest common factor of 424366953 and 909.
303
Calculate the highest common factor of 3624858 and 24731.
3533
Calculate the greatest common factor of 1755840 and 127410.
930
What is the greatest common divisor of 924220 and 2750?
110
What is the greatest common divisor of 161942781 and 1001?
1001
What is the greatest common divisor of 403974 and 63828?
54
What is the highest common divisor of 282 and 2741808168?
282
Calculate the greatest common divisor of 182 and 32678698.
26
What is the greatest common divisor of 78390 and 66511302?
5226
Calculate the highest common factor of 98222 and 6164.
134
What is the highest common factor of 18403 and 32747?
11
Calculate the highest common divisor of 4 and 9952202.
2
What is the greatest common factor of 8045 and 579593980?
8045
Calculate the highest common divisor of 611461816 and 392.
56
Calculate the greatest common factor of 1783620 and 4440.
60
What is the highest common factor of 4905 and 9879215?
545
Calculate the highest common divisor of 103845 and 445935.
105
Calculate the highest common divisor of 20761111 and 805.
161
Calculate the highest common divisor of 8195 and 2030572.
149
Calculate the greatest common factor of 43968 and 6976.
64
What is the greatest common divisor of 68315 and 6630?
65
What is the greatest common divisor of 27519671 and 2342?
1171
Calculate the greatest common divisor of 22 and 80184137.
11
What is the highest common divisor of 155014869 and 339?
339
Calculate the highest common factor of 28095568 and 16.
16
Calculate the highest common divisor of 605 and 985820.
55
Calculate the greatest common divisor of 15365262 and 570.
114
What is the greatest common divisor of 6880825 and 822?
137
Calculate the greatest common factor of 6792106 and 7808.
122
Calculate the highest common divisor of 17158503 and 1182.
591
What is the highest common factor of 20 and 400809980?
20
What is the greatest common factor of 12747390 and 150?
30
What is the highest common factor of 11609685 and 30?
15
Calculate the highest common divisor of 16305 and 18223555.
5435
What is the highest common divisor of 86 and 431842?
2
Calculate the highest common divisor of 2607962469 and 357.
357
Calculate the highest common factor of 10714 and 58959629.
487
What is the highest common factor of 66089474 and 22?
22
What is the greatest common factor of 47544716 and 289?
17
What is the highest common divisor of 1679677 and 54981?
149
Calculate the highest common factor of 160 and 41574520.
40
Calculate the highest common factor of 29691116 and 16198.
182
What is the highest common factor of 1505 and 688148909?
301
Calculate the greatest common divisor of 465579 and 7599.
51
Calculate the greatest common divisor of 3943029 and 4248.
177
What is the highest common divisor of 544 and 27717616?
272
Calculate the highest common factor of 304088 and 8.
8
Calculate the greatest common factor of 5160 and 13763784.
1032
What is the highest common divisor of 64 and 132590048?
32
What is the highest common factor of 188 and 580244281?
47
Calculate the highest common divisor of 225074 and 10982.
38
What is the greatest common factor of 65463957 and 7293?
663
What is the highest common factor of 11058 and 693530115?
5529
Calculate the highest common factor of 73 and 95528.
1
Calculate the highest common divisor of 320522856 and 110790.
7386
What is the highest common factor of 94256820 and 259?
7
Calculate the greatest common factor of 23814913 and 7101.
263
Calculate the greatest common factor of 3656 and 12362.
2
Calculate the greatest common divisor of 4916 and 35466482.
2458
Calculate the highest common factor of 228 and 58480788.
12
Calculate the greatest common factor of 80244788 and 78.
26
What is the highest common divisor of 100649672 and 16?
8
What is the highest common factor of 2200 and 1997336?
88
What is the highest common divisor of 986 and 33748315?
493
Calculate the highest common factor of 1092 and 209111.
7
Calculate the highest common divisor of 2856 and 70216188.
1428
What is the highest common divisor of 642128 and 4619488?
9584
Calculate the greatest common factor of 1034665 and 85.
5
What is the highest common factor of 2536 and 96515088?
2536
Calculate the highest common factor of 188 and 234454894.
94
What is the greatest common divisor of 793911 and 27?
3
Calculate the highest common factor of 84684 and 3060.
12
Calculate the highest common divisor of 698579573 and 37.
37
Calculate the greatest common divisor of 434822675 and 70.
35
What is the greatest common divisor of 42849400 and 472?
8
What is the greatest common factor of 31211 and 524510?
59
What is the highest common divisor of 2371524 and 204531?
2589
Calculate the highest common factor of 1250970 and 460.
230
What is the greatest common factor of 1506903 and 12?
3
What is the highest common divisor of 999 and 25556985?
27
What is the greatest common divisor of 85998 and 1353?
33
What is the greatest common divisor of 154 and 85974372?
22
Calculate the highest common factor of 1068287 and 33.
11
What is the greatest common factor of 21273558 and 1172?
586
Calculate the greatest common divisor of 292 and 590348810.
146
What is the highest common factor of 133 and 531973400?
133
Calculate the highest common divisor of 4859 and 41581.
43
Calculate the greatest common divisor of 2366856 and 52398.
1278
What is the greatest common factor of 20948 and 284764?
4
What is the 